. What is the highest common divisor of q and o?
3
Suppose 38*f - 2331 = 2229. What is the highest common factor of 16 and f?
8
Suppose -6*z = -z - 50. Let b = z - 2. Suppose -38 - 11 = -3*g + 5*q, -4*g + 4*q = -52. Calculate the highest common divisor of g and b.
8
Suppose 8*h = -7 + 23. Suppose -h*n - 30 = -3*n - o, 100 = 3*n - 2*o. What is the highest common divisor of 4 and n?
4
Suppose 2*g - 2*y = 76, 4*y = 6*g - 8*g + 88. What is the highest common factor of 180 and g?
20
Suppose -6825 = -5*q + 5*v, 2*v - 2789 = -2*q - 63. What is the greatest common factor of q and 22?
22
Let i = 393 + -288. What is the highest common factor of 245 and i?
35
Let d = 166 + 1157. Calculate the highest common divisor of d and 27.
27
Suppose 103*g - 105*g + 170 = 0. What is the highest common factor of 51 and g?
17
Let i = 4 - -20. Let t(n) = n**2 + 29*n + 114. Let v be t(-27). Calculate the highest common factor of v and i.
12
Let g be 0/3*(-1 - -2). Suppose g = -4*y - 0*y - 8, -y - 8 = h. Let i = -4 - h. What is the highest common divisor of i and 10?
2
Let h(n) = -4*n - 12. Suppose 5*j - 2*z = 2*j + 3, -5*z + 18 = j. Let w = -10 + j. Let o be h(w). What is the highest common divisor of o and 16?
16
Let r = -32 + 34. Let l be (9/r)/(((-78)/(-168))/13). Suppose -n = 2*y - 24, 3*n - 60 = -0*n - 2*y. What is the highest common divisor of l and n?
18
Let u be 97 - ((1 - 9) + 2). Suppose u*j - 570 = 100*j. Let k = 47 - 28. What is the greatest common factor of k and j?
19
Let l(d) = 3*d - 7. Let t be l(4). Let b = t - 1. Let u(i) = -10*i**3 + i**2 + 2*i + 1. Let n be u(-1). Calculate the highest common divisor of b and n.
2
Suppose -189 = -3*k - 6*k. Suppose 12 = 3*o - 3*n, -5*o = -2*o - n - 18. Calculate the highest common factor of k and o.
7
Suppose 2*f + 5*m = 91, -29 - 12 = -2*f + 5*m. Let h = 71 - 49. What is the greatest common factor of f and h?
11
Suppose 9*c - 115 = 4*c - 5*z, 3*c + z - 59 = 0. Suppose t - 4 + 1 = 0. Let o be -5*(t - 84/20). Calculate the highest common divisor of c and o.
6
Suppose 1438*c - 1428*c = 350. What is the greatest common factor of 20 and c?
5
Let k be (-363121)/(-2420) - (-2)/(-40). Calculate the highest common factor of k and 1900.
50
Let b(w) = 285*w - 471. Let r be b(5). Calculate the greatest common factor of 18 and r.
18
Let b = 54 - 56. Let m be 50/b*(-11)/1. What is the highest common factor of m and 25?
25
Suppose i + 12 = 5*i. Let z(b) = b**2 + b + 2. Let l be z(0). Suppose -105 = -3*q - l*q. Calculate the greatest common factor of q and i.
3
Let l be 6/8 + 4/(-32)*-186. Suppose 3*m - l = -m. What is the highest common factor of 9 and m?
3
Suppose b + 5 = 0, -2*b - 3*b - 7 = 3*l. Let t = -2819 + 2822. What is the greatest common divisor of t and l?
3
Let u(s) = -s**2 + 23*s + 58. Let p be u(24). What is the highest common factor of 51 and p?
17
Let k(h) = -2*h**3 - 7*h**2 - 2*h + 1. Let n be k(-5). Calculate the highest common factor of n and 1462.
86
Let c be 2/2*(10 + -10 - -98). Calculate the greatest common factor of c and 2401.
49
Let n be (-2 - 0)*(1 - 9). Let h be (n - 3) + (1 - 0). Let q = -9 + h. What is the highest common divisor of 25 and q?
5
Let k be 1116/20 + (-1)/(-5). Suppose 3*c - c = k. Suppose -4*d + 5*t + 163 = 0, -d = 2*d - t - 125. Calculate the highest common divisor of c and d.
14
Suppose 103*t + 5*n = 99*t + 2126, n = 5*t - 2672. Calculate the highest common factor of t and 12.
6
Let d be 10/3*27/2. Suppose 0 = -k - 4*k + d. Suppose -3*b + 12 = -k. Calculate the greatest common divisor of 56 and b.
7
Let b(o) = 6*o**2 + 0*o**2 + 23*o - 4*o**2. Let v be b(10). Calculate the highest common divisor of 43 and v.
43
Suppose -3*m - 33 = -y, -2*y + 12 = -2*m - 34. What is the greatest common divisor of y and 21?
3
Suppose 5*x = 522 + 18. Let q(w) = 5*w - 2. Let c be q(4). What is the greatest common factor of c and x?
18
Suppose 0 = 22*n - 21*n - 29. What is the greatest common divisor of n and 1?
1
Let q = 25 + -20. Suppose -5*z + 3 = -3*l + 2, l + q*z = 13. What is the greatest common divisor of l and 3?
3
Let g(m) = -m**3 - 13*m**2 - 34*m + 20. Let d be g(-9). Calculate the highest common factor of d and 122.
2
Suppose 64 = 4*f + 5*p, -f + 42 = -4*p + 5. Suppose 5*y - 55 = -4*b, -5*b - 25 = -5*y - 3*b. Calculate the greatest common divisor of y and f.
7
Suppose 0*v = -v + 7. Let i be (0 - -11) + v + -5. Suppose -2*h + 78 = h. Calculate the highest common factor of h and i.
13
Suppose 2*u - 1012 = -4*c + 6*u, -c = u - 257. Let g be 2/(-7) - 214/(-14). What is the greatest common divisor of g and c?
15
Let g = 1366 - 821. What is the greatest common factor of g and 5?
5
Suppose 108 = 6*p - 0*p. Suppose 14 = -0*a + a - 3*n, 5*n = a - p. Calculate the greatest common divisor of 88 and a.
8
Let f(k) = -k**2 + k + 2. Let l be f(0). Suppose -l*n = -3*p - 48, -4*p = -5*n - 3*p + 94. What is the greatest common factor of 162 and n?
18
Let i be (-9)/(-6)*58/3 + 1. What is the greatest common factor of i and 15?
15
Let i be 1 - -8 - (-2)/(9 - 10). What is the greatest common factor of 189 and i?
7
Suppose 0 = 2*f - 11*f + 6588. What is the greatest common factor of f and 12?
12
Suppose -y + 16 + 0 = 0. Let k(a) = -6*a + 4. Let t(j) = j**3 - 3*j**2 - 2*j. Let z be t(3). Let d be k(z). Calculate the greatest common divisor of y and d.
8
Let r(j) = -52*j**2 - 2*j - 1. Let i be r(-1). Let n = i - -82. Calculate the highest common divisor of 31 and n.
31
Suppose 6*b - 4*y - 76 = 2*b, -2*b = -5*y - 23. Suppose 0 = -5*g + 3*t + 288, g + 0*g = 2*t + 52. What is the highest common divisor of g and b?
12
Suppose -574 = -29*i + 412. Suppose -128 = -4*q - 0*q. Let z = i - q. Calculate the greatest common divisor of 16 and z.
2
Suppose 2*l + 1 = 7. Suppose -21*a + 257 - 215 = 0. Suppose 5*t + l*w = 34, a*w + 14 = 4*t - 0*w. What is the highest common divisor of t and 45?
5
Let j(k) = k**2 + 3*k - 5. Let u be j(3). Let t = -6 + u. Let s = 11 - t. Calculate the highest common factor of s and 12.
4
Let l(r) = r**3 + 11*r**2 + 11*r - 14. Let o be l(-10). Let p = 36 + o. Suppose s = -2, 0*k + 4*s = 3*k - 404. Calculate the greatest common factor of p and k.
12
Let z(x) = -2*x**2 - 17*x + 4. Let v be z(-6). Suppose 0 = -4*i - 2*f + 2, 5*i - 5*f - v = 2*i. What is the highest common divisor of i and 3?
3
Suppose 263*s - 3434 = 61*s. Let j = 1 + 1. Suppose -j*m + 2*i + 374 = 0, -152 - 222 = -2*m + i. What is the highest common divisor of m and s?
17
Suppose -509 = -2*w - 167. Let a = 49 - 30. Calculate the highest common divisor of w and a.
19
Let a be -1 - 2/(6/9). Let j = 13 - -5. Let q be a/18 - (-256)/j. What is the greatest common divisor of q and 126?
14
Suppose -4*z + 423 = 4*w + 23, -5*z - 2*w = -497. Suppose 2*l = -11 + 33. Calculate the greatest common factor of z and l.
11
Suppose -5*z = 4*q - 0*q - 65, 0 = -q + 4*z + 11. Let n(j) = 56*j + 675. Let y be n(-12). Calculate the highest common factor of q and y.
3
Let d = -11 + 14. Let n = 6 - d. Let x be -84*((-8)/n + 2). What is the highest common divisor of 14 and x?
14
Let f be ((-60)/9)/((-1)/6). Suppose -28*r = -32*r + 264. Suppose -65*o + r*o = 8. What is the highest common factor of f and o?
8
Suppose 5*k - g = 4*g + 135, -k + 24 = -4*g. Let v = k + -19. Calculate the greatest common divisor of 36 and v.
9
Let m(a) = 23*a - 4*a + 4*a**2 - 11*a - 48. Let v be m(-10). Calculate the greatest common factor of v and 17.
17
Suppose 979 = 12*f - 13*f. Let d = 2125 + f. Suppose -219 + d = 5*h + 4*z, -h = 2*z - 183. What is the highest common divisor of h and 17?
17
Suppose 491*h - 483*h - 600 = 0. Calculate the highest common factor of 240 and h.
15
Let c be (-4)/(-26) + (-640)/(-65) + -6. Suppose -5*g - c + 59 = 0. Let z = 15 + -4. Calculate the greatest common factor of g and z.
11
Let m(z) = 3*z**2 + z - 12. Let t be m(6). Let k(a) = -2*a**2 - 76*a + 45. Let o be k(-35). Calculate the highest common divisor of t and o.
51
Let h(r) = -r**3 + 15*r**2 - r - 9. Let a be h(15). Let v = a + 40. Suppose 3*b - 160 - 32 = 0. What is the greatest common divisor of b and v?
16
Suppose 0*r - 2*r = 2, -4*r + 76 = 5*o. Let m = 189 - 61. Let q be m + 0*(-3)/(-3). Calculate the highest common factor of o and q.
16
Let y = 38 + 9. Calculate the greatest common factor of 1 and